s the hundreds digit of 41271?
2
What is the tens digit of 849?
4
What is the hundreds digit of 6426?
4
What is the hundreds digit of 13504?
5
What is the tens digit of 127229?
2
What is the units digit of 4410?
0
What is the ten thousands digit of 16139?
1
What is the hundreds digit of 1153?
1
What is the thousands digit of 11380?
1
What is the ten thousands digit of 111583?
1
What is the units digit of 472?
2
What is the hundreds digit of 1003?
0
What is the thousands digit of 1590?
1
What is the units digit of 90339?
9
What is the units digit of 978?
8
What is the hundreds digit of 346?
3
What is the ten thousands digit of 120963?
2
What is the units digit of 628?
8
What is the hundreds digit of 3664?
6
What is the thousands digit of 28497?
8
What is the thousands digit of 3025?
3
What is the units digit of 43420?
0
What is the thousands digit of 5741?
5
What is the hundreds digit of 1389?
3
What is the thousands digit of 55024?
5
What is the units digit of 36283?
3
What is the tens digit of 53214?
1
What is the hundreds digit of 883?
8
What is the hundreds digit of 110?
1
What is the hundreds digit of 57661?
6
What is the tens digit of 18170?
7
What is the thousands digit of 7868?
7
What is the units digit of 5379?
9
What is the tens digit of 925?
2
What is the ten thousands digit of 37402?
3
What is the tens digit of 3456?
5
What is the thousands digit of 21312?
1
What is the tens digit of 92317?
1
What is the thousands digit of 10343?
0
What is the thousands digit of 22172?
2
What is the hundreds digit of 12618?
6
What is the hundreds digit of 21766?
7
What is the ten thousands digit of 118004?
1
What is the units digit of 1690?
0
What is the thousands digit of 3303?
3
What is the hundreds digit of 34318?
3
What is the tens digit of 1393?
9
What is the tens digit of 9126?
2
What is the tens digit of 1580?
8
What is the ten thousands digit of 15767?
1
What is the hundreds digit of 3854?
8
What is the thousands digit of 3139?
3
What is the thousands digit of 4348?
4
What is the units digit of 2417?
7
What is the tens digit of 257?
5
What is the hundreds digit of 6957?
9
What is the units digit of 5347?
7
What is the tens digit of 5683?
8
What is the units digit of 1888?
8
What is the hundreds digit of 414?
4
What is the tens digit of 1372?
7
What is the units digit of 14171?
1
What is the units digit of 7900?
0
What is the units digit of 89?
9
What is the thousands digit of 1624?
1
What is the hundreds digit of 1840?
8
What is the thousands digit of 2879?
2
What is the tens digit of 1640?
4
What is the units digit of 7068?
8
What is the hundreds digit of 35856?
8
What is the hundreds digit of 1216?
2
What is the hundreds digit of 116089?
0
What is the tens digit of 21822?
2
What is the tens digit of 40874?
7
What is the thousands digit of 11992?
1
What is the hundreds digit of 178?
1
What is the hundreds digit of 472?
4
What is the tens digit of 2170?
7
What is the hundreds digit of 13939?
9
What is the units digit of 7637?
7
What is the tens digit of 5766?
6
What is the units digit of 825?
5
What is the hundreds digit of 54391?
3
What is the units digit of 566?
6
What is the thousands digit of 125190?
5
What is the hundreds digit of 20549?
5
What is the units digit of 865?
5
What is the hundreds digit of 1313?
3
What is the thousands digit of 4078?
4
What is the units digit of 805?
5
What is the tens digit of 7055?
5
What is the units digit of 52363?
3
What is the tens digit of 1011?
1
What is the thousands digit of 3620?
3
What is the hundreds digit of 6906?
9
What is the tens digit of 1912?
1
What is the tens digit of 601?
0
What is the thousands digit of 47053?
7
What is the tens digit of 8172?
7
What is the ten thousands digit of 41262?
4
What is the units digit of 49059?
9
What is the thousands digit of 2280?
2
What is the tens digit of 7712?
1
What is the tens digit of 955?
5
What is the thousands digit of 4273?
4
What is the hundreds digit of 2089?
0
What is the tens digit of 1582?
8
What is the thousands digit of 107065?
7
What is the hundreds digit of 1933?
9
What is the units digit of 11715?
5
What is the ten thousands digit of 17063?
1
What is the thousands digit of 49623?
9
What is the hundreds digit of 98747?
7
What is the tens digit of 1797?
9
What is the tens digit of 17023?
2
What is the thousands digit of 20128?
0
What is the ten thousands digit of 28933?
2
What is the tens digit of 3233?
3
What is the hundreds digit of 288?
2
What is the hundreds digit of 5625?
6
What is the units digit of 1998?
8
What is the units digit of 2535?
5
What is the hundreds digit of 3722?
7
What is the units digit of 892?
2
What is the units digit of 202?
2
What is the thousands digit of 1315?
1
What is the hundreds digit of 577?
5
What is the ten thousands digit of 109660?
0
What is the hundreds digit of 7127?
1
What is the tens digit of 393?
9
What is the units digit of 10080?
0
What is the hundreds digit of 106352?
3
What is the thousands digit of 4434?
4
What is the thousands digit of 1060?
1
What is the tens digit of 10633?
3
What is the thousands digit of 61039?
1
What is the thousands digit of 24253?
4
What is the hundreds digit of 4237?
2
What is the hundreds digit of 6442?
4
What is the thousands digit of 4991?
4
What is the ten thousands digit of 54405?
5
What is the tens digit of 36248?
4
What is the units digit of 588?
8
What is the hundreds digit of 1427?
4
What is the tens digit of 4423?
2
What is the thousands digit of 6260?
6
What is the tens digit of 2924?
2
What is the tens digit of 3360?
6
What is the tens digit of 82190?
9
What is the hundred thousands digit of 177643?
1
What is the units digit of 2763?
3
What is the hundreds digit of 32062?
0
What is the tens digit of 827?
2
What is the units digit of 4427?
7
What is the units digit of 1626?
6
What is the ten thousands digit of 46974?
4
What is the hundreds digit of 192?
1
What is the ten thousands digit of 96669?
9
What is the hundreds digit of 10688?
6
What is the units digit of 2?
2
What is the tens digit of 5503?
0
What is the units digit of 825?
5
What is the hundreds digit of 1472?
4
What is the hundreds digit of 796?
7
What is the units digit of 1339?
9
What is the tens digit of 389?
8
What is the ten thousands digit of 10211?
1
What is the units digit of 575?
5
What is the ten thousands digit of 19132?
1
What is the ten thousands digit of 94821?
9
What is the tens digit of 3276?
7
What is the units digit of 1224?
4
What is the tens digit of 1661?
6
What is the hundreds digit of 1427?
4
What is the hundreds digit of 125?
1
What is the thousands digit of 8712?
8
What is the tens digit of 39895?
9
What is the thousands digit of 1501?
1
What is the hundreds digit of 7833?
8
What is the units digit of 7129?
9
What is the thousands digit of 1316?
1
What is the units digit of 24135?
5
What is the tens digit of 27336?
3
What is the ten thousands digit of 11165?
1
What is the thousands digit of 2648?
2
What is the units digit of 1388?
8
What is the hundreds digit of 57743?
7
What is the ten thousands digit of 24264?
2
What is the ten thousands digit of 54460?
5
What is the ten thousands digit of 13043?
1
What is the ten thousands digit of 113066?
1
What is the tens digit of 2418?
1
What is the ten thousands digit of 14691?
1
What is the tens digit of 3727?
2
What is the hundreds digit of 19060?
0
What is the hundreds digit of 39059?
0
What is the units digit of 780?
0
What is the thousands digit of 53966?
3
What is the units digit of 733?
3
What is the hundreds digit of 25085?
0
What is the hundreds digit of 5006?
0
What is the hundreds digit of 37489?
4
What is the hundreds digit of 81758?
7
What is the thousands digit of 6521?
6
What is the thousands digit of 44470?
4
What is the hundreds digit of 22813?
8
What is the thousands digit of 20337?
0
What is the tens digit of 47461?
6
What is the ten thousands digit of 11266?
1
What is the tens digit of 22?
2
What is the hundred thousands digit of 128353?
1
What is the hundreds digit of 6360?
3
What is the hundreds digit of 123770?
7
What is the thousands digit of 2672?
2
What is the tens digit of 1478?
7
What is the tens digit of 44354?
5
What is the tens digit of 2001?
0
What is the tens digit of 269?
6
What is the ten